n 726 is divided by 70?
26
Calculate the remainder when 307 is divided by 44.
43
Calculate the remainder when 1741 is divided by 83.
81
Calculate the remainder when 216 is divided by 87.
42
What is the remainder when 366 is divided by 218?
148
What is the remainder when 98 is divided by 49?
0
Calculate the remainder when 275 is divided by 40.
35
What is the remainder when 208 is divided by 35?
33
Calculate the remainder when 142 is divided by 73.
69
Calculate the remainder when 1684 is divided by 241.
238
Calculate the remainder when 983 is divided by 89.
4
What is the remainder when 7107 is divided by 10?
7
What is the remainder when 3 is divided by 1?
0
What is the remainder when 1137 is divided by 60?
57
What is the remainder when 7482 is divided by 15?
12
Calculate the remainder when 3090 is divided by 258.
252
Calculate the remainder when 5611 is divided by 312.
307
What is the remainder when 266 is divided by 23?
13
What is the remainder when 160 is divided by 41?
37
What is the remainder when 26668 is divided by 381?
379
Calculate the remainder when 653 is divided by 73.
69
Calculate the remainder when 170 is divided by 35.
30
What is the remainder when 1411 is divided by 22?
3
What is the remainder when 584 is divided by 23?
9
Calculate the remainder when 264 is divided by 26.
4
Calculate the remainder when 354 is divided by 45.
39
Calculate the remainder when 130 is divided by 1.
0
What is the remainder when 209 is divided by 71?
67
Calculate the remainder when 186 is divided by 46.
2
Calculate the remainder when 310 is divided by 158.
152
What is the remainder when 74 is divided by 31?
12
What is the remainder when 467 is divided by 67?
65
What is the remainder when 1324 is divided by 78?
76
What is the remainder when 3248 is divided by 25?
23
Calculate the remainder when 752 is divided by 126.
122
Calculate the remainder when 5128 is divided by 92.
68
What is the remainder when 48075 is divided by 404?
403
What is the remainder when 18 is divided by 6?
0
Calculate the remainder when 55 is divided by 8.
7
What is the remainder when 96 is divided by 11?
8
Calculate the remainder when 87 is divided by 21.
3
Calculate the remainder when 6044 is divided by 93.
92
What is the remainder when 197 is divided by 12?
5
What is the remainder when 377 is divided by 371?
6
What is the remainder when 87 is divided by 50?
37
Calculate the remainder when 320 is divided by 46.
44
What is the remainder when 417 is divided by 53?
46
What is the remainder when 30 is divided by 7?
2
Calculate the remainder when 732 is divided by 331.
70
What is the remainder when 20 is divided by 6?
2
Calculate the remainder when 113 is divided by 23.
21
What is the remainder when 12332 is divided by 4104?
20
What is the remainder when 256 is divided by 62?
8
Calculate the remainder when 138 is divided by 60.
18
What is the remainder when 210 is divided by 43?
38
What is the remainder when 195 is divided by 44?
19
What is the remainder when 1951 is divided by 61?
60
Calculate the remainder when 6104 is divided by 15.
14
What is the remainder when 16 is divided by 9?
7
Calculate the remainder when 51 is divided by 10.
1
What is the remainder when 245 is divided by 21?
14
What is the remainder when 183 is divided by 23?
22
Calculate the remainder when 167 is divided by 24.
23
Calculate the remainder when 5365 is divided by 2679.
7
What is the remainder when 610 is divided by 6?
4
Calculate the remainder when 270 is divided by 85.
15
Calculate the remainder when 40 is divided by 21.
19
Calculate the remainder when 133 is divided by 120.
13
Calculate the remainder when 429 is divided by 18.
15
Calculate the remainder when 3466 is divided by 60.
46
Calculate the remainder when 55 is divided by 10.
5
What is the remainder when 122 is divided by 34?
20
Calculate the remainder when 2771 is divided by 84.
83
What is the remainder when 11225 is divided by 72?
65
Calculate the remainder when 7825 is divided by 18.
13
What is the remainder when 100 is divided by 20?
0
Calculate the remainder when 969 is divided by 54.
51
What is the remainder when 13142 is divided by 212?
210
What is the remainder when 574 is divided by 120?
94
What is the remainder when 217 is divided by 11?
8
Calculate the remainder when 183 is divided by 49.
36
What is the remainder when 23 is divided by 13?
10
Calculate the remainder when 410 is divided by 12.
2
What is the remainder when 14072 is divided by 25?
22
Calculate the remainder when 2162 is divided by 113.
15
What is the remainder when 154 is divided by 12?
10
What is the remainder when 133 is divided by 17?
14
Calculate the remainder when 4541 is divided by 567.
5
What is the remainder when 4833 is divided by 963?
18
Calculate the remainder when 146 is divided by 15.
11
Calculate the remainder when 791 is divided by 88.
87
What is the remainder when 65 is divided by 3?
2
Calculate the remainder when 1233 is divided by 178.
165
What is the remainder when 3675 is divided by 17?
3
What is the remainder when 754 is divided by 6?
4
Calculate the remainder when 8684 is divided by 69.
59
Calculate the remainder when 245 is divided by 37.
23
What is the remainder when 11 is divided by 1?
0
Calculate the remainder when 586 is divided by 3.
1
Calculate the remainder when 68 is divided by 28.
12
What is the remainder when 294 is divided by 5?
4
What is the remainder when 1586 is divided by 37?
32
What is the remainder when 253 is divided by 28?
1
What is the remainder when 3 is divided by 2?
1
What is the remainder when 3780 is divided by 62?
60
What is the remainder when 96 is divided by 93?
3
Calculate the remainder when 4522 is divided by 26.
24
Calculate the remainder when 190 is divided by 68.
54
What is the remainder when 4509 is divided by 1503?
0
Calculate the remainder when 684 is divided by 46.
40
Calculate the remainder when 225 is divided by 74.
3
What is the remainder when 212 is divided by 72?
68
What is the remainder when 550 is divided by 106?
20
Calculate the remainder when 514 is divided by 6.
4
Calculate the remainder when 45 is divided by 2.
1
Calculate the remainder when 559 is divided by 188.
183
Calculate the remainder when 21 is divided by 15.
6
Calculate the remainder when 3885 is divided by 24.
21
Calculate the remainder when 380 is divided by 48.
44
What is the remainder when 132 is divided by 43?
3
Calculate the remainder when 52 is divided by 9.
7
Calculate the remainder when 1473 is divided by 293.
8
Calculate the remainder when 406 is divided by 17.
15
What is the remainder when 281 is divided by 93?
2
Calculate the remainder when 886 is divided by 149.
141
What is the remainder when 87 is divided by 52?
35
Calculate the remainder when 126 is divided by 5.
1
Calculate the remainder when 75 is divided by 13.
10
Calculate the remainder when 494 is divided by 162.
8
Calculate the remainder when 2024 is divided by 31.
9
What is the remainder when 687 is divided by 633?
54
Calculate the remainder when 128 is divided by 83.
45
Calculate the remainder when 2080 is divided by 5.
0
Calculate the remainder when 977 is divided by 321.
14
Calculate the remainder when 32 is divided by 19.
13
Calculate the remainder when 14573 is divided by 265.
263
Calculate the remainder when 64 is divided by 17.
13
Calculate the remainder when 898 is divided by 31.
30
Calculate the remainder when 23183 is divided by 63.
62
Calculate the remainder when 17 is divided by 2.
1
Calculate the remainder when 870 is divided by 117.
51
What is the remainder when 3681 is divided by 67?
63
Calculate the remainder when 21 is divided by 3.
0
What is the remainder when 1795 is divided by 8?
3
Calculate the remainder when 3290 is divided by 54.
50
What is the remainder when 268 is divided by 43?
10
Calculate the remainder when 287 is divided by 14.
7
What is the remainder when 345 is divided by 58?
55
Calculate the remainder when 2501 is divided by 167.
163
Calculate the remainder when 2294 is divided by 25.
19
What is the remainder when 153 is divided by 5?
3
What is the remainder when 13097 is divided by 50?
47
What is the remainder when 3605 is divided by 88?
85
What is the remainder when 1489 is divided by 260?
189
Calculate the remainder when 1586 is divided by 2